0, 5 = 5*z - o. Let q = 4 - -5. Calculate the highest common divisor of q and l.
3
Suppose -2*z + 22 = -2. Let i = -101 - -106. Suppose i*r + 4*j + 14 = 70, -3*r - 2*j = -34. Calculate the highest common divisor of z and r.
12
Let v(j) = j**2 - 4. Let g(t) = -t**3 - t - 6. Let z(n) = 3*g(n) - 4*v(n). Let a be z(-2). What is the highest common factor of a and 84?
12
Suppose 290 = 5*l + 95. Suppose -6*y + 9 + l = 0. Let w be (2 + 9/(-2))*(6 - y). Calculate the greatest common divisor of w and 35.
5
Let t(f) = -f + 20. Let w be 2/7 - (-494)/182. Let r be t(w). Calculate the greatest common divisor of 68 and r.
17
Suppose -67*u + 880 = -45*u. What is the greatest common divisor of 530 and u?
10
Let h(c) = -2*c**2 + 59*c - 421. Let r be h(15). What is the highest common divisor of 4494 and r?
14
Let l be (62 + -2)/(2*6/174). Calculate the greatest common divisor of l and 667.
29
Suppose -4*k = -2*y + 2, 0 = -4*y - k + 1 + 21. Suppose -2*a = 2*o - 3 - 33, 110 = y*a - 5*o. What is the greatest common divisor of a and 12?
4
Let r be (-2)/5 - (-277)/5. Let b = r + -52. Suppose -1472 = 3*w - 1481. Calculate the greatest common factor of w and b.
3
Let h(a) be the first derivative of -2*a**2 + 13*a + 141. Let n be h(-3). What is the highest common divisor of 5 and n?
5
Let i(d) = d**2 - d + 48. Suppose 3*p = p + 18. Let j be i(p). Calculate the greatest common factor of j and 24.
24
Let q(g) = 0 + 14*g - g**3 + g**2 + 5 + 2*g**3. Suppose -60*k - 433 = -733. Let r be q(k). What is the greatest common factor of r and 45?
45
Let n = -4709 - -6559. Calculate the greatest common divisor of n and 222.
74
Let v(z) = z**3 + 7*z**2 - 14*z - 20. Let m be v(-8). Let n = m + -10. What is the greatest common divisor of 8 and n?
2
Suppose -29*u - 5*l = -24*u - 3180, -2*u + 5*l = -1300. What is the highest common factor of 380 and u?
20
Suppose 0 = 165*l - 154*l - 30096. Calculate the highest common divisor of l and 171.
171
Let p = -462 - -712. Calculate the greatest common divisor of 190 and p.
10
Let m be (-10)/(-6) - (50484/(-9) - (5 + 4)). What is the greatest common divisor of m and 20?
20
Let h be -7 + (-85616)/(-96) + (-2)/(-12). Calculate the highest common factor of 120 and h.
15
Let i be (-26)/(-8) + 2/(-8). Suppose 0 = z - i*z + 4*s + 142, -s + 59 = z. Let t = -5230 - -5239. What is the highest common divisor of z and t?
9
Suppose -18*s + 650 = 236. What is the highest common factor of s and 1817?
23
Suppose -72 = -d + n, 5*d + 5*n - 132 = 228. Let a(g) = -82*g - 7044. Let c be a(-86). Calculate the greatest common divisor of c and d.
8
Let p(t) = t**3 + 19*t**2 + 8*t + 212. Let v be p(-19). What is the highest common factor of v and 1524?
12
Suppose -67*g = -50*g - 68. Let w(a) = 29*a - 106. Let l be w(g). What is the highest common divisor of 80 and l?
10
Let w = 337 + -329. Let v = 83 + -15. Calculate the greatest common factor of w and v.
4
Let p(t) = 2*t**2 + 33*t + 13. Let u be p(-19). Calculate the greatest common factor of u and 702.
54
Let y = -970 + 997. Calculate the highest common factor of 4509 and y.
27
Suppose -1512 + 420 = -2*k. Let r = 568 - k. Calculate the greatest common factor of 473 and r.
11
Let l = -743 + 1572. Calculate the highest common divisor of l and 1.
1
Let a be (-18 - -16)*-27 - (1 + -3). What is the greatest common divisor of a and 1876?
28
Let n(y) = y**2 - 5*y - 22. Suppose 16 = -10*k - 14. Let f be n(k). What is the greatest common divisor of 90 and f?
2
Let k be -28*(-20)/40*2. Calculate the highest common divisor of 5754 and k.
14
Let w = -152 - 11. Let l = w - -190. What is the highest common factor of 12 and l?
3
Let k be (-18)/6 - (1 + -9). Suppose 5*d + 10 = -k, -42 = -3*u + 2*d. Calculate the highest common divisor of u and 96.
12
Suppose -67 - 13 = 20*h. Let w be h/(-4)*((-61)/(-1) - -2). Calculate the highest common divisor of w and 36.
9
Suppose t - 4*t = -6*t. Suppose 3*w = 5*a + 6, t = -w + 5*a + 3 - 1. Let u(b) = b**2 + 3*b - 2. Let d be u(-7). Calculate the greatest common factor of d and w.
2
Let n = -47 + 358. Suppose -7*o + 486 + 473 = 0. Suppose n + o = 2*s. What is the highest common divisor of 32 and s?
32
Suppose 57 = 4*z - 3*j, j = 230*z - 225*z - 52. Calculate the highest common factor of z and 33.
3
Let j(p) = 3*p**2 - 295*p - 291. Let i be j(101). What is the greatest common factor of i and 423?
47
Let i be ((-3)/(-6))/((-33)/22)*-3708. Calculate the greatest common divisor of i and 36.
12
Let m = -1214 + 1266. Calculate the highest common factor of 6240 and m.
52
Suppose 301*q - 4*p = 303*q - 23286, 4*p = q - 11667. What is the highest common divisor of 61 and q?
61
Let t = 0 - -12. Suppose -w + 76 = -4*g, -5*g - 263 = -30*w + 27*w. Calculate the highest common factor of w and t.
12
Let f = 5968 - 2893. What is the highest common divisor of f and 75?
75
Let l be (109/3)/(121/7986). What is the greatest common divisor of 132 and l?
22
Let a(v) = -v**2 + 16*v - 67. Let h be a(32). Let y = -426 - h. What is the highest common divisor of 17 and y?
17
Suppose -123 = -14*a - 53. Let w(h) = 4*h**3 - 5*h**2 + 13*h + 16. Let k be w(a). What is the highest common divisor of k and 12?
12
Suppose 5*l - 4*g - 4262 = 0, 5*l + 4*g = 4*l + 862. What is the highest common factor of 56 and l?
14
Suppose 13172 = -71*l - 10*l + 73841. What is the highest common divisor of 217 and l?
7
Suppose 12815*n = 12834*n - 4712. What is the highest common divisor of n and 47368?
248
Let q(d) = -6*d + 5. Let w be q(0). Suppose 4*j + 2*k = 368, -w*j - 2*k + 461 = k. What is the greatest common factor of j and 13?
13
Suppose b = -3*x - 3 + 14, -4*x - b + 14 = 0. Suppose 0 = x*f - o + 4*o - 366, -598 = -5*f + o. Calculate the highest common divisor of 160 and f.
40
Let l = 118 + -116. Suppose -l*u + 3*s + 4 = -89, 0 = u + s - 49. What is the greatest common factor of u and 120?
24
Suppose q - 7 = 28. Let l be 105/(-10)*(-300)/18. Calculate the highest common factor of l and q.
35
Let k(h) = -2*h**3 - 19*h**2 + 9*h - 2. Let n be k(-10). Calculate the greatest common divisor of 326 and n.
2
Suppose 23*t - 4513 + 3480 = 5591. What is the highest common divisor of t and 352?
32
Suppose -4*z = c + 1448, 19*c = 23*c + 5*z + 5825. Let y = -1019 - c. Calculate the highest common factor of 63 and y.
63
Suppose 2033*f - 2031*f - 96 = 0. Let i be 0 + 3 + -5 + 74. What is the highest common divisor of i and f?
24
Suppose -57*v - 137 + 498 = -551. Suppose 3*m - 10 = 14. What is the highest common divisor of m and v?
8
Let v(q) = -q**2 + 8*q + 22. Let k be v(9). Suppose 11*t - k*t = -2. Let l be (-1)/t + (4 - -33). What is the greatest common factor of 9 and l?
9
Suppose 6183*o - 6197*o = -2016. What is the highest common divisor of o and 768?
48
Let v = 1752 + -842. Let o be (6489/(-2472))/(3/(-80)). Calculate the greatest common factor of o and v.
70
Suppose 14*v + 5*w - 4017 = 11*v, 0 = 6*v + 2*w - 8082. Calculate the highest common factor of 852 and v.
71
Suppose -576*l + 215133 - 283840 = -766819. Calculate the highest common divisor of 12 and l.
12
Let y(t) = 53*t**2 + 139. Let a be y(-10). Calculate the highest common divisor of a and 111.
111
Let p be (1065/(-30) - 11) + (-1)/(-2). Let d be (-159)/4 + 2/(-8). Let s = d - p. Calculate the greatest common factor of 30 and s.
6
Suppose -408*a - 24 = -414*a. Suppose q + 31 = -3*v + 232, -5*q + a*v + 986 = 0. What is the greatest common divisor of 27 and q?
9
Let v(o) = -o**3 + 4*o**2 + 10*o + 9. Let a be v(6). Let k be 193*-4*a/12. Suppose -6*z = -143 - k. Calculate the greatest common factor of z and 14.
14
Let i be 3 - (-1 - 41/(2/2)). Let d = 45 - i. Suppose 2*s = c + 183, 0 = -d*c - 2*c - 2. Calculate the highest common divisor of 13 and s.
13
Let k(a) = 3*a + 143*a**2 - a + 3 - a + 2*a. Suppose -40*l - 50 = -10. Let y be k(l). What is the greatest common divisor of y and 11?
11
Suppose 40 + 52 = 4*g. Let i be (-3362)/((-14)/2 - (-5 + 0)). Suppose 20*m = i - 301. Calculate the highest common divisor of m and g.
23
Suppose -4*b + 0*b = -24. Suppose -19*h + 6*h = -234. What is the highest common divisor of b and h?
6
Let q = 111 - 67. Suppose 0*l = 4*l - q. Let p(m) = 7*m + 31. Let f be p(l). What is the greatest common factor of 27 and f?
27
Let i(j) = 6*j**2 + 8*j + 2. Let u be i(